8 + -16425. What is the highest common divisor of 118 and v?
59
Suppose -148587 = -128*f + 28821. What is the highest common factor of 630 and f?
126
Let u(j) = -6*j**3 - 38*j**2 - 62*j + 5. Let b be u(-9). Calculate the greatest common divisor of b and 2197.
169
Let s = 93607 - 92797. Suppose 201 = 5*n + 51. What is the highest common factor of s and n?
30
Let j = -106 + 122. Let k(w) = 5*w + 60. Let c be k(-12). Let z(b) = b**2 - 2*b + 8. Let t be z(c). Calculate the greatest common factor of j and t.
8
Let a be (-11 - -5)*-106*1. Suppose -4*w + a = 8*w. Calculate the greatest common divisor of w and 424.
53
Suppose 0 = -2*j + 30 + 6. Let z(r) = 4*r**2 + 5*r - 6. Let o be z(-5). Let f = o - 51. What is the highest common divisor of f and j?
18
Suppose -7 = -143*i + 144*i, 5*t + i = 2173. What is the highest common factor of t and 4687?
109
Let k(j) = -6*j**2 + 18*j - 5. Let x be k(4). Let q be (0 + 25)*(-14 + (-5 - x)). What is the greatest common divisor of 10 and q?
10
Let a = 1015 + 1328. What is the highest common factor of a and 66?
33
Let u(f) = 72*f - 1. Let b be u(2). Let m(k) = -k**3 - 12*k**2 + 15*k + 37. Let j be m(-13). What is the greatest common factor of j and b?
11
Let f = -274 + 283. Let g = 10 + -4. Let d be g/10 + 126/15. Calculate the highest common factor of d and f.
9
Let w = 8003 - 5708. What is the greatest common divisor of 102 and w?
51
Suppose 10*r + 40392 = -34*r. Let y = r - -942. Let k(t) = -19*t + 1. Let b be k(-5). What is the greatest common divisor of y and b?
24
Let z(k) = 61*k**2 + 47 + 42 - 92 - 2*k. Let m be z(-1). Let f = 94 - 64. What is the highest common divisor of m and f?
30
Suppose -3*g + 2757 = 9*x - 798, -789 = -2*x - g. Calculate the greatest common divisor of x and 16.
4
Let s = -4051 + 4296. Calculate the greatest common factor of 175 and s.
35
Suppose 19*g - 16282 + 8498 - 14066 = 0. What is the greatest common divisor of 2185 and g?
115
Let s = 638 + -547. Calculate the highest common factor of 1118 and s.
13
Let x(i) = -i**2 - 24*i - 78. Let w be x(-20). Let p be w/6 + 102/18. Calculate the greatest common divisor of 114 and p.
6
Let y be 4708/6 + 2*(-4)/(-24). Let i be y/(-3) - (48/(-18) + 3). Let b = -137 - i. Calculate the highest common factor of b and 50.
25
Let u(q) = -7*q**3 + 8*q**2 + 13*q + 13. Let i be u(-3). What is the highest common divisor of i and 20?
5
Suppose 4*y - 45 = 67. Let s be ((-8)/(-12) - 10/6)*-56. What is the greatest common factor of y and s?
28
Let t = -110 + 305. Suppose -5*r + 4*i + 919 = 0, -i + 3*i = -r + t. Suppose -4*c + r - 55 = 0. What is the highest common divisor of c and 3?
3
Suppose -4*o + 82 = 62. Suppose o*g + 13 = -5*n - 2, 0 = g + 5*n + 23. Calculate the greatest common divisor of g and 42.
2
Suppose -32508 - 53746 + 1414 = -202*u. Calculate the greatest common divisor of u and 4704.
84
Suppose -2*b + 4*w = -0*w + 4, 4*w - 20 = -2*b. Suppose 2*g + 3 = -7, -s + 246 = b*g. What is the greatest common divisor of s and 14?
14
Suppose 4*l + 152 = 5*k - 176, -4*l + 184 = 3*k. Let i be 16/6*23/(138/36). Calculate the highest common divisor of i and k.
16
Let a be (-24)/192 - 361/(-8). Let x be a - 2 - (3 - -1). Calculate the highest common factor of x and 117.
39
Let c = -90 + 2. Let y = c - -91. Suppose y*l + l = 120. Calculate the greatest common divisor of 40 and l.
10
Suppose -4*s = -x + 5, 2*s = -3*x - 1 + 16. Suppose s = 27*j - 3600 + 387. What is the greatest common factor of j and 1?
1
Let h(v) be the third derivative of v**5/15 + 7*v**4/12 + 5*v**3/2 + v**2 - 20. Let j be h(-5). Calculate the greatest common divisor of j and 40.
5
Let k = -63 - -187. Let j be -29*6/(-30)*5*5. Let g = j - k. What is the highest common divisor of 231 and g?
21
Suppose 0 = -122*m + 98*m + 504. Let c be (-1)/(-3) + 3018/18. Calculate the greatest common divisor of c and m.
21
Let x = 2831 + -2797. What is the highest common divisor of 1445 and x?
17
Suppose 3*x - 334 = 2*u, -u = x - 0*u - 118. Let m = x - 112. Suppose 0 = m*y - 15*y + 2184. Calculate the greatest common divisor of y and 28.
28
Suppose 2*z - 182 = -5*q, -3*q - q = -3*z - 164. Suppose -5*m + 33 = 4*o - 7, -2*o + q = -2*m. Calculate the highest common factor of o and 70.
5
Let p be 2/(-3)*(305/(-190) + 102/969). Calculate the highest common factor of p and 1871.
1
Suppose -38*k + 36768 = -8*k + 8208. Calculate the highest common divisor of k and 595.
119
Suppose -13*f + 1729 = -3055. Calculate the greatest common factor of f and 80.
16
Suppose -239*d = 8*d - 2754791. Calculate the highest common factor of 19 and d.
19
Let o(q) = q**2 + q + 6. Let v be o(0). Let d be 286/14 - ((-90)/35 - -3). Let f be d + (2/(-2))/(10/(-40)). Calculate the greatest common factor of f and v.
6
Let g(p) = p**2 + 5*p - 17. Let v(s) = 2*s + 45. Let a be v(-20). Let r be g(a). Let c = 96 - 52. What is the highest common factor of r and c?
11
Let t(o) = -4*o**2 - 43*o + 32. Let x(k) = k**3 + 9*k**2 + 17*k - 14. Let i be x(-6). Let a be t(i). Calculate the highest common divisor of 15 and a.
15
Let z be -11 - (-9 + (-460 - -16)). Calculate the highest common divisor of z and 156.
26
Let l = -214 - -213. Let d be ((-2)/7)/l - (-2882)/154. What is the greatest common factor of 551 and d?
19
Let w be 9279 - (-7)/((-56)/32). What is the highest common factor of 100 and w?
25
Let b = 5697 - 5447. Calculate the greatest common divisor of 75 and b.
25
Let c = 14 - -2. Suppose -4*n = -9*n - 2*k + 28, 0 = 4*k - c. Suppose 2*a - 5*r = -a + 500, 2*r - 632 = -n*a. Calculate the greatest common divisor of a and 20.
20
Let t(w) = -5*w + 8 + 2 - 13. Let i be t(-3). Let g(d) = -d**3 - 29*d**2 - 77*d + 30. Let a be g(-26). What is the greatest common factor of a and i?
4
Let d(w) be the first derivative of -w**4/2 + 3*w**3 + w**2/2 - 9*w + 20. Let b be d(4). Calculate the greatest common factor of 99 and b.
11
Let l(i) = 105*i**3 + 19*i**2 + 8*i - 33. Let w be l(3). Calculate the highest common divisor of w and 18.
9
Suppose -f = 0, -2*u = 3*u - 5*f - 55. Suppose 5*k - h + 356 = -2*h, -5*k + 4*h - 351 = 0. Let r = k - -126. What is the highest common factor of u and r?
11
Let b = 2448 - 2423. What is the highest common divisor of 3725 and b?
25
Let c = -1585 + 1611. Calculate the greatest common factor of 21502 and c.
26
Let l be 5385/(-30) - 9/6. Let y = l + 241. What is the highest common factor of y and 105?
15
Let s = 7097 + -7012. What is the greatest common divisor of 165 and s?
5
Suppose n + 11943 = 3*w, 5*n - 7988 = -2*w + 10*n. What is the greatest common divisor of w and 173?
173
Suppose -5*d = -5*a - 3*d + 1254, -5*a + 11*d + 1317 = 0. Calculate the greatest common divisor of 116 and a.
4
Let k(n) be the second derivative of 5*n**4/6 - n**3/2 - 5*n**2/2 - 12*n. Let h be k(-2). Let y = -28 + h. Calculate the greatest common divisor of 26 and y.
13
Suppose 5*x - 5*f - 45 = 0, -f = -6*f - 25. Let a = 217 + -213. Suppose -x*z - 2*k + 12 = -0*z, -a*z - k = -8. Calculate the greatest common divisor of z and 2.
1
Suppose 131*x = -491*x + 21770. Suppose -4*v + 9*v = 2800. What is the greatest common factor of x and v?
35
Let u be -5*-1*(-6)/15 + 22. Let t = u + 28. What is the greatest common divisor of 48 and t?
48
Let j(z) = z**2 + 3*z - 3. Let t be j(-3). Let k be t - (128/(-4) + -4). Let r be 5 - (-4 + 2 - 4). What is the highest common divisor of r and k?
11
Let p be -2 + (2 - (-2 - 9)). Let c(a) = 192*a - 329. Let f be c(2). What is the highest common factor of f and p?
11
Let y = 76 - 76. Let b be 10*(5 + y + -3). Suppose 0 = -9*q + 8*q + 15. What is the highest common factor of q and b?
5
Let h = 132 + -87. Let f be ((-2)/6)/((-44)/12804). Let i = f - 92. What is the greatest common divisor of i and h?
5
Let f(n) = n**3 - 7*n**2 + n - 2. Let t be f(7). Let v = 84 - 82. Suppose -r = -t*y + 1 + v, 11 = y + 5*r. What is the highest common factor of 11 and y?
1
Let d be 8 + -3 + -8 + 5. Suppose d*z = 5*m + 31 + 421, -1076 = -5*z - m. Calculate the greatest common divisor of z and 162.
54
Let b(y) = 7 + 5 - 11*y - 12. Let c be b(-10). What is the greatest common divisor of 165 and c?
55
Let r(f) = f**2 + 355*f - 33188. Let p be r(77). Let k be (113 - (-2)/2)/1. What is the highest common divisor of k and p?
38
Let k = 395 + -270. 